{"id":11,"date":"2023-08-11T10:29:23","date_gmt":"2023-08-11T08:29:23","guid":{"rendered":"https:\/\/caencharpente.fr\/?page_id=11"},"modified":"2024-01-31T17:54:54","modified_gmt":"2024-01-31T16:54:54","slug":"travaux-de-charpente","status":"publish","type":"page","link":"https:\/\/caencharpente.fr\/?page_id=11","title":{"rendered":"Travaux de charpente"},"content":{"rendered":"\t\t<div data-elementor-type=\"wp-page\" data-elementor-id=\"11\" class=\"elementor elementor-11\">\n\t\t\t\t\t\t<section class=\"elementor-section elementor-top-section elementor-element elementor-element-63e66ad elementor-section-full_width elementor-section-stretched elementor-section-height-default elementor-section-height-default\" data-id=\"63e66ad\" data-element_type=\"section\" data-e-type=\"section\" data-settings=\"{&quot;stretch_section&quot;:&quot;section-stretched&quot;,&quot;background_background&quot;:&quot;classic&quot;}\">\n\t\t\t\t\t\t<div class=\"elementor-container elementor-column-gap-default\">\n\t\t\t\t\t<div class=\"elementor-column elementor-col-100 elementor-top-column elementor-element elementor-element-5dc803b\" data-id=\"5dc803b\" data-element_type=\"column\" data-e-type=\"column\">\n\t\t\t<div class=\"elementor-widget-wrap elementor-element-populated\">\n\t\t\t\t\t\t<div class=\"elementor-element elementor-element-b1ab722 elementor-widget__width-initial animated-slow elementor-widget-mobile__width-initial e-transform elementor-invisible elementor-widget elementor-widget-heading\" data-id=\"b1ab722\" data-element_type=\"widget\" data-e-type=\"widget\" data-settings=\"{&quot;_animation&quot;:&quot;fadeInLeft&quot;,&quot;_transform_translateY_effect&quot;:{&quot;unit&quot;:&quot;px&quot;,&quot;size&quot;:10,&quot;sizes&quot;:[]},&quot;_transform_translateX_effect&quot;:{&quot;unit&quot;:&quot;px&quot;,&quot;size&quot;:&quot;&quot;,&quot;sizes&quot;:[]},&quot;_transform_translateX_effect_tablet&quot;:{&quot;unit&quot;:&quot;px&quot;,&quot;size&quot;:&quot;&quot;,&quot;sizes&quot;:[]},&quot;_transform_translateX_effect_mobile&quot;:{&quot;unit&quot;:&quot;px&quot;,&quot;size&quot;:&quot;&quot;,&quot;sizes&quot;:[]},&quot;_transform_translateY_effect_tablet&quot;:{&quot;unit&quot;:&quot;px&quot;,&quot;size&quot;:&quot;&quot;,&quot;sizes&quot;:[]},&quot;_transform_translateY_effect_mobile&quot;:{&quot;unit&quot;:&quot;px&quot;,&quot;size&quot;:&quot;&quot;,&quot;sizes&quot;:[]}}\" data-widget_type=\"heading.default\">\n\t\t\t\t<div class=\"elementor-widget-container\">\n\t\t\t\t\t<h1 class=\"elementor-heading-title elementor-size-default\">TRAVAUX DE CHARPENTE<\/h1>\t\t\t\t<\/div>\n\t\t\t\t<\/div>\n\t\t\t\t\t<\/div>\n\t\t<\/div>\n\t\t\t\t\t<\/div>\n\t\t<\/section>\n\t\t\t\t<section class=\"elementor-section elementor-top-section elementor-element elementor-element-a8269a6 elementor-section-boxed elementor-section-height-default elementor-section-height-default\" data-id=\"a8269a6\" data-element_type=\"section\" data-e-type=\"section\">\n\t\t\t\t\t\t<div class=\"elementor-container elementor-column-gap-default\">\n\t\t\t\t\t<div class=\"elementor-column elementor-col-100 elementor-top-column elementor-element elementor-element-ab0f69e\" data-id=\"ab0f69e\" data-element_type=\"column\" data-e-type=\"column\">\n\t\t\t<div class=\"elementor-widget-wrap elementor-element-populated\">\n\t\t\t\t\t\t<div class=\"elementor-element elementor-element-f25131a elementor-widget elementor-widget-text-editor\" data-id=\"f25131a\" data-element_type=\"widget\" data-e-type=\"widget\" data-widget_type=\"text-editor.default\">\n\t\t\t\t<div class=\"elementor-widget-container\">\n\t\t\t\t\t\t\t\t\t<div id=\"1015551433\" class=\"dmRespRow u_1015551433\"><div id=\"1886894095\" class=\"dmRespColsWrapper\"><div id=\"1042839507\" class=\"dmRespCol large-12 medium-12 small-12\"><div id=\"1812068089\" class=\"dmNewParagraph\" data-element-type=\"paragraph\" data-version=\"5\"><h1 class=\"m-size-32\"><span class=\"m-font-size-32\">Travaux de charpente \u00e0 Caen :<\/span><span class=\"m-font-size-32\"><br \/>construction, traitement des bois de charpente\u2026<\/span><\/h1><\/div><div id=\"1530450326\" class=\"dmNewParagraph\" data-element-type=\"paragraph\" data-version=\"5\"><p>Un grand projet se dessine \u00e0 l\u2019horizon ? Vous projetez la r\u00e9novation d\u2019une toiture ? Vous souhaitez cr\u00e9er un garage ou un appentis dans votre propri\u00e9t\u00e9 ? Vous avez achet\u00e9 un bien immobilier et sa charpente doit \u00eatre r\u00e9nov\u00e9e ? Notre entreprise de charpente s\u2019occupe de tout pour vous. Nous prenons en charge tous vos travaux de charpente.<\/p><p>Besoin d\u2019entretenir les structures en bois de votre habitation ? Vous avez un doute sur la sant\u00e9 de votre charpente ? Vous avez observ\u00e9 la pr\u00e9sence d\u2019insectes \u00e0 larves xylophages ? Pas de panique ! Nous avons la solution.<\/p><\/div><\/div><\/div><\/div>\t\t\t\t\t\t\t\t<\/div>\n\t\t\t\t<\/div>\n\t\t\t\t\t<\/div>\n\t\t<\/div>\n\t\t\t\t\t<\/div>\n\t\t<\/section>\n\t\t\t\t<section class=\"elementor-section elementor-top-section elementor-element elementor-element-7015b0b elementor-section-boxed elementor-section-height-default elementor-section-height-default\" data-id=\"7015b0b\" data-element_type=\"section\" data-e-type=\"section\">\n\t\t\t\t\t\t<div class=\"elementor-container elementor-column-gap-default\">\n\t\t\t\t\t<div class=\"elementor-column elementor-col-50 elementor-top-column elementor-element elementor-element-cd6fb19\" data-id=\"cd6fb19\" data-element_type=\"column\" data-e-type=\"column\">\n\t\t\t<div class=\"elementor-widget-wrap elementor-element-populated\">\n\t\t\t\t\t\t<div class=\"elementor-element elementor-element-fba5173 elementor-widget-mobile__width-initial e-transform elementor-widget elementor-widget-image\" data-id=\"fba5173\" data-element_type=\"widget\" data-e-type=\"widget\" data-settings=\"{&quot;_transform_translateX_effect_mobile&quot;:{&quot;unit&quot;:&quot;px&quot;,&quot;size&quot;:98,&quot;sizes&quot;:[]},&quot;_transform_translateX_effect&quot;:{&quot;unit&quot;:&quot;px&quot;,&quot;size&quot;:&quot;&quot;,&quot;sizes&quot;:[]},&quot;_transform_translateX_effect_tablet&quot;:{&quot;unit&quot;:&quot;px&quot;,&quot;size&quot;:&quot;&quot;,&quot;sizes&quot;:[]},&quot;_transform_translateY_effect&quot;:{&quot;unit&quot;:&quot;px&quot;,&quot;size&quot;:&quot;&quot;,&quot;sizes&quot;:[]},&quot;_transform_translateY_effect_tablet&quot;:{&quot;unit&quot;:&quot;px&quot;,&quot;size&quot;:&quot;&quot;,&quot;sizes&quot;:[]},&quot;_transform_translateY_effect_mobile&quot;:{&quot;unit&quot;:&quot;px&quot;,&quot;size&quot;:&quot;&quot;,&quot;sizes&quot;:[]}}\" data-widget_type=\"image.default\">\n\t\t\t\t<div class=\"elementor-widget-container\">\n\t\t\t\t\t\t\t\t\t\t\t\t\t\t\t<img decoding=\"async\" src=\"https:\/\/caencharpente.fr\/wp-content\/uploads\/elementor\/thumbs\/lequertier_2-2880w-rjmusmcowxccvweu39w1hsab46bdkb5zj9obwkp0o0.webp\" title=\"lequertier_2-2880w\" alt=\"lequertier_2-2880w\" loading=\"lazy\" \/>\t\t\t\t\t\t\t\t\t\t\t\t\t\t\t<\/div>\n\t\t\t\t<\/div>\n\t\t\t\t\t<\/div>\n\t\t<\/div>\n\t\t\t\t<div class=\"elementor-column elementor-col-50 elementor-top-column elementor-element elementor-element-62d4901\" data-id=\"62d4901\" data-element_type=\"column\" data-e-type=\"column\">\n\t\t\t<div class=\"elementor-widget-wrap elementor-element-populated\">\n\t\t\t\t\t\t<div class=\"elementor-element elementor-element-c052578 elementor-widget elementor-widget-text-editor\" data-id=\"c052578\" data-element_type=\"widget\" data-e-type=\"widget\" data-widget_type=\"text-editor.default\">\n\t\t\t\t<div class=\"elementor-widget-container\">\n\t\t\t\t\t\t\t\t\t<h1 class=\"m-size-28\"><span class=\"m-font-size-28\">Construction <\/span><strong><span class=\"m-font-size-28\">de charpente traditionnelle <\/span><span class=\"m-font-size-28\">et plus\u2026<\/span><\/strong><\/h1><p>En plein r\u00e9flexion sur la conception de votre maison? Voudrez-vous dans un futur proche am\u00e9nagez les combles? Le choix de votre structure de toit s&rsquo;anticipe en tenant compte des ann\u00e9es \u00e0 venir.<\/p><p>Notre entreprise travaille avec son propre bureau d&rsquo;\u00e9tudes. Cela limite les interm\u00e9diaires pour la cr\u00e9ation de votre charpente.<\/p><p>Nous vous apportons des solutions pertinentes en mati\u00e8re de structure charpent\u00e9e pour vos r\u00e9novations de toit et d&rsquo;ossature en bois. Besoin d&rsquo;ouvrir votre charpente pour cr\u00e9er des lucarnes ou des fen\u00eatres de toit? Vous souhaitez modifier votre charpente traditionnelle pour la transformer en mansarde? Calculs et r\u00e9paration des charges, coh\u00e9rence structurelle&#8230;.:nous ne laissons rien au hasard!<\/p>\t\t\t\t\t\t\t\t<\/div>\n\t\t\t\t<\/div>\n\t\t\t\t\t<\/div>\n\t\t<\/div>\n\t\t\t\t\t<\/div>\n\t\t<\/section>\n\t\t\t\t<section class=\"elementor-section elementor-top-section elementor-element elementor-element-a237779 elementor-section-boxed elementor-section-height-default elementor-section-height-default\" data-id=\"a237779\" data-element_type=\"section\" data-e-type=\"section\">\n\t\t\t\t\t\t<div class=\"elementor-container elementor-column-gap-default\">\n\t\t\t\t\t<div class=\"elementor-column elementor-col-50 elementor-top-column elementor-element elementor-element-4e39d7f\" data-id=\"4e39d7f\" data-element_type=\"column\" data-e-type=\"column\">\n\t\t\t<div class=\"elementor-widget-wrap elementor-element-populated\">\n\t\t\t\t\t\t<div class=\"elementor-element elementor-element-bcf0696 elementor-widget__width-initial elementor-widget elementor-widget-text-editor\" data-id=\"bcf0696\" data-element_type=\"widget\" data-e-type=\"widget\" data-widget_type=\"text-editor.default\">\n\t\t\t\t<div class=\"elementor-widget-container\">\n\t\t\t\t\t\t\t\t\t<div id=\"1767862263\" class=\"u_1767862263 dmNewParagraph\" data-element-type=\"paragraph\" data-version=\"5\">\n<h1 style=\"text-align: center;\"><strong>Traitements pr\u00e9ventifs et curatifs<span class=\"\"> des bois de charpente<\/span><\/strong><\/h1>\n<\/div>\n<div id=\"1233682912\" class=\"dmDividerWrapper clearfix u_1233682912\" data-element-type=\"dDividerId\" data-layout=\"divider-style-1\" data-widget-version=\"2\">V<span class=\"\">otre charpente en construction neuve est trait\u00e9e contre les intrus efficacement pendant 10 ans. Pass\u00e9 ce d\u00e9lai, il est judicieux de faire v\u00e9rifier votre charpente et d\u2019effectuer<span style=\"color: #993300;\">&nbsp;<\/span><\/span><span style=\"color: #808080;\">l\u2019entretien des bois.<\/span><\/div>\n<div id=\"1450205970\" class=\"dmNewParagraph u_1450205970\" data-element-type=\"paragraph\" data-version=\"5\">\n<p><span class=\"\">Le traitement en pr\u00e9ventif administr\u00e9 par nos soins&nbsp;<\/span>reconduit la protection de vos boiseries<span class=\"\">&nbsp;durant 10 ans. Un traitement de surface est appliqu\u00e9 afin de pr\u00e9munir votre structure contre les insectes, les champignons.<br><\/span><\/p>\n<p>Nous intervenons \u00e9galement pour les traitements curatifs pour d\u00e9barrasser efficacement votre charpente des termites, des vrillettes et des autres insectes ind\u00e9sirables.<\/p>\n<\/div>\t\t\t\t\t\t\t\t<\/div>\n\t\t\t\t<\/div>\n\t\t\t\t\t<\/div>\n\t\t<\/div>\n\t\t\t\t<div class=\"elementor-column elementor-col-50 elementor-top-column elementor-element elementor-element-1541c78\" data-id=\"1541c78\" data-element_type=\"column\" data-e-type=\"column\">\n\t\t\t<div class=\"elementor-widget-wrap elementor-element-populated\">\n\t\t\t\t\t\t<div class=\"elementor-element elementor-element-b9d2edc elementor-widget elementor-widget-image\" data-id=\"b9d2edc\" data-element_type=\"widget\" data-e-type=\"widget\" data-widget_type=\"image.default\">\n\t\t\t\t<div class=\"elementor-widget-container\">\n\t\t\t\t\t\t\t\t\t\t\t\t\t\t\t<img decoding=\"async\" src=\"https:\/\/caencharpente.fr\/wp-content\/uploads\/elementor\/thumbs\/traitement-bois-a35d8a2d-2880w-rjmusmcowxccvweu39w1hsab46bdkb5zj9obwkp0o0.webp\" title=\"traitement-bois-a35d8a2d-2880w\" alt=\"traitement-bois-a35d8a2d-2880w\" loading=\"lazy\" \/>\t\t\t\t\t\t\t\t\t\t\t\t\t\t\t<\/div>\n\t\t\t\t<\/div>\n\t\t\t\t\t<\/div>\n\t\t<\/div>\n\t\t\t\t\t<\/div>\n\t\t<\/section>\n\t\t\t\t<\/div>\n\t\t","protected":false},"excerpt":{"rendered":"<p>TRAVAUX DE CHARPENTE Travaux de charpente \u00e0 Caen :construction, traitement des bois de charpente\u2026 Un grand projet se dessine \u00e0 l\u2019horizon ? Vous projetez la r\u00e9novation d\u2019une toiture ? Vous souhaitez cr\u00e9er un garage ou un appentis dans votre propri\u00e9t\u00e9 ? Vous avez achet\u00e9 un bien immobilier et sa charpente doit \u00eatre r\u00e9nov\u00e9e ? Notre [&hellip;]<\/p>\n","protected":false},"author":1,"featured_media":0,"parent":0,"menu_order":0,"comment_status":"closed","ping_status":"closed","template":"","meta":{"ocean_post_layout":"","ocean_both_sidebars_style":"","ocean_both_sidebars_content_width":0,"ocean_both_sidebars_sidebars_width":0,"ocean_sidebar":"0","ocean_second_sidebar":"0","ocean_disable_margins":"enable","ocean_add_body_class":"","ocean_shortcode_before_top_bar":"","ocean_shortcode_after_top_bar":"","ocean_shortcode_before_header":"","ocean_shortcode_after_header":"","ocean_has_shortcode":"","ocean_shortcode_after_title":"","ocean_shortcode_before_footer_widgets":"","ocean_shortcode_after_footer_widgets":"","ocean_shortcode_before_footer_bottom":"","ocean_shortcode_after_footer_bottom":"","ocean_display_top_bar":"default","ocean_display_header":"default","ocean_header_style":"","ocean_center_header_left_menu":"0","ocean_custom_header_template":"0","ocean_custom_logo":0,"ocean_custom_retina_logo":0,"ocean_custom_logo_max_width":0,"ocean_custom_logo_tablet_max_width":0,"ocean_custom_logo_mobile_max_width":0,"ocean_custom_logo_max_height":0,"ocean_custom_logo_tablet_max_height":0,"ocean_custom_logo_mobile_max_height":0,"ocean_header_custom_menu":"0","ocean_menu_typo_font_family":"0","ocean_menu_typo_font_subset":"","ocean_menu_typo_font_size":0,"ocean_menu_typo_font_size_tablet":0,"ocean_menu_typo_font_size_mobile":0,"ocean_menu_typo_font_size_unit":"px","ocean_menu_typo_font_weight":"","ocean_menu_typo_font_weight_tablet":"","ocean_menu_typo_font_weight_mobile":"","ocean_menu_typo_transform":"","ocean_menu_typo_transform_tablet":"","ocean_menu_typo_transform_mobile":"","ocean_menu_typo_line_height":0,"ocean_menu_typo_line_height_tablet":0,"ocean_menu_typo_line_height_mobile":0,"ocean_menu_typo_line_height_unit":"","ocean_menu_typo_spacing":0,"ocean_menu_typo_spacing_tablet":0,"ocean_menu_typo_spacing_mobile":0,"ocean_menu_typo_spacing_unit":"","ocean_menu_link_color":"","ocean_menu_link_color_hover":"","ocean_menu_link_color_active":"","ocean_menu_link_background":"","ocean_menu_link_hover_background":"","ocean_menu_link_active_background":"","ocean_menu_social_links_bg":"","ocean_menu_social_hover_links_bg":"","ocean_menu_social_links_color":"","ocean_menu_social_hover_links_color":"","ocean_disable_title":"default","ocean_disable_heading":"default","ocean_post_title":"","ocean_post_subheading":"","ocean_post_title_style":"","ocean_post_title_background_color":"","ocean_post_title_background":0,"ocean_post_title_bg_image_position":"","ocean_post_title_bg_image_attachment":"","ocean_post_title_bg_image_repeat":"","ocean_post_title_bg_image_size":"","ocean_post_title_height":0,"ocean_post_title_bg_overlay":0.5,"ocean_post_title_bg_overlay_color":"","ocean_disable_breadcrumbs":"default","ocean_breadcrumbs_color":"","ocean_breadcrumbs_separator_color":"","ocean_breadcrumbs_links_color":"","ocean_breadcrumbs_links_hover_color":"","ocean_display_footer_widgets":"default","ocean_display_footer_bottom":"default","ocean_custom_footer_template":"0","footnotes":""},"class_list":["post-11","page","type-page","status-publish","hentry","entry"],"yoast_head":"<!-- This site is optimized with the Yoast SEO plugin v27.0 - https:\/\/yoast.com\/product\/yoast-seo-wordpress\/ -->\n<title>Travaux de charpente - Caen Charpente<\/title>\n<meta name=\"robots\" content=\"index, follow, max-snippet:-1, max-image-preview:large, max-video-preview:-1\" \/>\n<link rel=\"canonical\" href=\"https:\/\/caencharpente.fr\/?page_id=11\" \/>\n<meta property=\"og:locale\" content=\"fr_FR\" \/>\n<meta property=\"og:type\" content=\"article\" \/>\n<meta property=\"og:title\" content=\"Travaux de charpente - Caen Charpente\" \/>\n<meta property=\"og:description\" content=\"TRAVAUX DE CHARPENTE Travaux de charpente \u00e0 Caen :construction, traitement des bois de charpente\u2026 Un grand projet se dessine \u00e0 l\u2019horizon ? Vous projetez la r\u00e9novation d\u2019une toiture ? Vous souhaitez cr\u00e9er un garage ou un appentis dans votre propri\u00e9t\u00e9 ? Vous avez achet\u00e9 un bien immobilier et sa charpente doit \u00eatre r\u00e9nov\u00e9e ? Notre [&hellip;]\" \/>\n<meta property=\"og:url\" content=\"https:\/\/caencharpente.fr\/?page_id=11\" \/>\n<meta property=\"og:site_name\" content=\"Caen Charpente\" \/>\n<meta property=\"article:modified_time\" content=\"2024-01-31T16:54:54+00:00\" \/>\n<meta property=\"og:image\" content=\"https:\/\/caencharpente.fr\/wp-content\/uploads\/elementor\/thumbs\/lequertier_2-2880w-qcsdjjdzk8dlk4js1ky0nv8szwicykzxx5vtokmk68.webp\" \/>\n<meta name=\"twitter:card\" content=\"summary_large_image\" \/>\n<meta name=\"twitter:label1\" content=\"Dur\u00e9e de lecture estim\u00e9e\" \/>\n\t<meta name=\"twitter:data1\" content=\"2 minutes\" \/>\n<script type=\"application\/ld+json\" class=\"yoast-schema-graph\">{\"@context\":\"https:\/\/schema.org\",\"@graph\":[{\"@type\":\"WebPage\",\"@id\":\"https:\/\/caencharpente.fr\/?page_id=11\",\"url\":\"https:\/\/caencharpente.fr\/?page_id=11\",\"name\":\"Travaux de charpente - Caen Charpente\",\"isPartOf\":{\"@id\":\"https:\/\/caencharpente.fr\/#website\"},\"primaryImageOfPage\":{\"@id\":\"https:\/\/caencharpente.fr\/?page_id=11#primaryimage\"},\"image\":{\"@id\":\"https:\/\/caencharpente.fr\/?page_id=11#primaryimage\"},\"thumbnailUrl\":\"https:\/\/caencharpente.fr\/wp-content\/uploads\/elementor\/thumbs\/lequertier_2-2880w-qcsdjjdzk8dlk4js1ky0nv8szwicykzxx5vtokmk68.webp\",\"datePublished\":\"2023-08-11T08:29:23+00:00\",\"dateModified\":\"2024-01-31T16:54:54+00:00\",\"breadcrumb\":{\"@id\":\"https:\/\/caencharpente.fr\/?page_id=11#breadcrumb\"},\"inLanguage\":\"fr-FR\",\"potentialAction\":[{\"@type\":\"ReadAction\",\"target\":[\"https:\/\/caencharpente.fr\/?page_id=11\"]}]},{\"@type\":\"ImageObject\",\"inLanguage\":\"fr-FR\",\"@id\":\"https:\/\/caencharpente.fr\/?page_id=11#primaryimage\",\"url\":\"https:\/\/caencharpente.fr\/wp-content\/uploads\/elementor\/thumbs\/lequertier_2-2880w-qcsdjjdzk8dlk4js1ky0nv8szwicykzxx5vtokmk68.webp\",\"contentUrl\":\"https:\/\/caencharpente.fr\/wp-content\/uploads\/elementor\/thumbs\/lequertier_2-2880w-qcsdjjdzk8dlk4js1ky0nv8szwicykzxx5vtokmk68.webp\"},{\"@type\":\"BreadcrumbList\",\"@id\":\"https:\/\/caencharpente.fr\/?page_id=11#breadcrumb\",\"itemListElement\":[{\"@type\":\"ListItem\",\"position\":1,\"name\":\"Accueil\",\"item\":\"https:\/\/caencharpente.fr\/\"},{\"@type\":\"ListItem\",\"position\":2,\"name\":\"Travaux de charpente\"}]},{\"@type\":\"WebSite\",\"@id\":\"https:\/\/caencharpente.fr\/#website\",\"url\":\"https:\/\/caencharpente.fr\/\",\"name\":\"Caen Charpente\",\"description\":\"\",\"publisher\":{\"@id\":\"https:\/\/caencharpente.fr\/#organization\"},\"potentialAction\":[{\"@type\":\"SearchAction\",\"target\":{\"@type\":\"EntryPoint\",\"urlTemplate\":\"https:\/\/caencharpente.fr\/?s={search_term_string}\"},\"query-input\":{\"@type\":\"PropertyValueSpecification\",\"valueRequired\":true,\"valueName\":\"search_term_string\"}}],\"inLanguage\":\"fr-FR\"},{\"@type\":\"Organization\",\"@id\":\"https:\/\/caencharpente.fr\/#organization\",\"name\":\"Caen Charpente\",\"url\":\"https:\/\/caencharpente.fr\/\",\"logo\":{\"@type\":\"ImageObject\",\"inLanguage\":\"fr-FR\",\"@id\":\"https:\/\/caencharpente.fr\/#\/schema\/logo\/image\/\",\"url\":\"https:\/\/caencharpente.fr\/wp-content\/uploads\/2023\/08\/cropped-cropped-cropped-Logo_CharpMenui_RVB__2_-removebg-preview-1920w.webp\",\"contentUrl\":\"https:\/\/caencharpente.fr\/wp-content\/uploads\/2023\/08\/cropped-cropped-cropped-Logo_CharpMenui_RVB__2_-removebg-preview-1920w.webp\",\"width\":1006,\"height\":248,\"caption\":\"Caen Charpente\"},\"image\":{\"@id\":\"https:\/\/caencharpente.fr\/#\/schema\/logo\/image\/\"}}]}<\/script>\n<!-- \/ Yoast SEO plugin. -->","yoast_head_json":{"title":"Travaux de charpente - Caen Charpente","robots":{"index":"index","follow":"follow","max-snippet":"max-snippet:-1","max-image-preview":"max-image-preview:large","max-video-preview":"max-video-preview:-1"},"canonical":"https:\/\/caencharpente.fr\/?page_id=11","og_locale":"fr_FR","og_type":"article","og_title":"Travaux de charpente - Caen Charpente","og_description":"TRAVAUX DE CHARPENTE Travaux de charpente \u00e0 Caen :construction, traitement des bois de charpente\u2026 Un grand projet se dessine \u00e0 l\u2019horizon ? Vous projetez la r\u00e9novation d\u2019une toiture ? Vous souhaitez cr\u00e9er un garage ou un appentis dans votre propri\u00e9t\u00e9 ? Vous avez achet\u00e9 un bien immobilier et sa charpente doit \u00eatre r\u00e9nov\u00e9e ? Notre [&hellip;]","og_url":"https:\/\/caencharpente.fr\/?page_id=11","og_site_name":"Caen Charpente","article_modified_time":"2024-01-31T16:54:54+00:00","og_image":[{"url":"https:\/\/caencharpente.fr\/wp-content\/uploads\/elementor\/thumbs\/lequertier_2-2880w-qcsdjjdzk8dlk4js1ky0nv8szwicykzxx5vtokmk68.webp","type":"","width":"","height":""}],"twitter_card":"summary_large_image","twitter_misc":{"Dur\u00e9e de lecture estim\u00e9e":"2 minutes"},"schema":{"@context":"https:\/\/schema.org","@graph":[{"@type":"WebPage","@id":"https:\/\/caencharpente.fr\/?page_id=11","url":"https:\/\/caencharpente.fr\/?page_id=11","name":"Travaux de charpente - Caen Charpente","isPartOf":{"@id":"https:\/\/caencharpente.fr\/#website"},"primaryImageOfPage":{"@id":"https:\/\/caencharpente.fr\/?page_id=11#primaryimage"},"image":{"@id":"https:\/\/caencharpente.fr\/?page_id=11#primaryimage"},"thumbnailUrl":"https:\/\/caencharpente.fr\/wp-content\/uploads\/elementor\/thumbs\/lequertier_2-2880w-qcsdjjdzk8dlk4js1ky0nv8szwicykzxx5vtokmk68.webp","datePublished":"2023-08-11T08:29:23+00:00","dateModified":"2024-01-31T16:54:54+00:00","breadcrumb":{"@id":"https:\/\/caencharpente.fr\/?page_id=11#breadcrumb"},"inLanguage":"fr-FR","potentialAction":[{"@type":"ReadAction","target":["https:\/\/caencharpente.fr\/?page_id=11"]}]},{"@type":"ImageObject","inLanguage":"fr-FR","@id":"https:\/\/caencharpente.fr\/?page_id=11#primaryimage","url":"https:\/\/caencharpente.fr\/wp-content\/uploads\/elementor\/thumbs\/lequertier_2-2880w-qcsdjjdzk8dlk4js1ky0nv8szwicykzxx5vtokmk68.webp","contentUrl":"https:\/\/caencharpente.fr\/wp-content\/uploads\/elementor\/thumbs\/lequertier_2-2880w-qcsdjjdzk8dlk4js1ky0nv8szwicykzxx5vtokmk68.webp"},{"@type":"BreadcrumbList","@id":"https:\/\/caencharpente.fr\/?page_id=11#breadcrumb","itemListElement":[{"@type":"ListItem","position":1,"name":"Accueil","item":"https:\/\/caencharpente.fr\/"},{"@type":"ListItem","position":2,"name":"Travaux de charpente"}]},{"@type":"WebSite","@id":"https:\/\/caencharpente.fr\/#website","url":"https:\/\/caencharpente.fr\/","name":"Caen Charpente","description":"","publisher":{"@id":"https:\/\/caencharpente.fr\/#organization"},"potentialAction":[{"@type":"SearchAction","target":{"@type":"EntryPoint","urlTemplate":"https:\/\/caencharpente.fr\/?s={search_term_string}"},"query-input":{"@type":"PropertyValueSpecification","valueRequired":true,"valueName":"search_term_string"}}],"inLanguage":"fr-FR"},{"@type":"Organization","@id":"https:\/\/caencharpente.fr\/#organization","name":"Caen Charpente","url":"https:\/\/caencharpente.fr\/","logo":{"@type":"ImageObject","inLanguage":"fr-FR","@id":"https:\/\/caencharpente.fr\/#\/schema\/logo\/image\/","url":"https:\/\/caencharpente.fr\/wp-content\/uploads\/2023\/08\/cropped-cropped-cropped-Logo_CharpMenui_RVB__2_-removebg-preview-1920w.webp","contentUrl":"https:\/\/caencharpente.fr\/wp-content\/uploads\/2023\/08\/cropped-cropped-cropped-Logo_CharpMenui_RVB__2_-removebg-preview-1920w.webp","width":1006,"height":248,"caption":"Caen Charpente"},"image":{"@id":"https:\/\/caencharpente.fr\/#\/schema\/logo\/image\/"}}]}},"_links":{"self":[{"href":"https:\/\/caencharpente.fr\/index.php?rest_route=\/wp\/v2\/pages\/11","targetHints":{"allow":["GET"]}}],"collection":[{"href":"https:\/\/caencharpente.fr\/index.php?rest_route=\/wp\/v2\/pages"}],"about":[{"href":"https:\/\/caencharpente.fr\/index.php?rest_route=\/wp\/v2\/types\/page"}],"author":[{"embeddable":true,"href":"https:\/\/caencharpente.fr\/index.php?rest_route=\/wp\/v2\/users\/1"}],"replies":[{"embeddable":true,"href":"https:\/\/caencharpente.fr\/index.php?rest_route=%2Fwp%2Fv2%2Fcomments&post=11"}],"version-history":[{"count":148,"href":"https:\/\/caencharpente.fr\/index.php?rest_route=\/wp\/v2\/pages\/11\/revisions"}],"predecessor-version":[{"id":2174,"href":"https:\/\/caencharpente.fr\/index.php?rest_route=\/wp\/v2\/pages\/11\/revisions\/2174"}],"wp:attachment":[{"href":"https:\/\/caencharpente.fr\/index.php?rest_route=%2Fwp%2Fv2%2Fmedia&parent=11"}],"curies":[{"name":"wp","href":"https:\/\/api.w.org\/{rel}","templated":true}]}}