{"id":46,"date":"2023-08-11T10:36:20","date_gmt":"2023-08-11T08:36:20","guid":{"rendered":"https:\/\/caencharpente.fr\/?page_id=46"},"modified":"2024-01-22T14:29:06","modified_gmt":"2024-01-22T13:29:06","slug":"pergolas","status":"publish","type":"page","link":"https:\/\/caencharpente.fr\/?page_id=46","title":{"rendered":"Pergolas"},"content":{"rendered":"\t\t<div data-elementor-type=\"wp-page\" data-elementor-id=\"46\" class=\"elementor elementor-46\">\n\t\t\t\t\t\t<section class=\"elementor-section elementor-top-section elementor-element elementor-element-3d7c80c elementor-section-full_width elementor-section-stretched elementor-section-height-default elementor-section-height-default\" data-id=\"3d7c80c\" data-element_type=\"section\" data-e-type=\"section\" data-settings=\"{&quot;stretch_section&quot;:&quot;section-stretched&quot;,&quot;background_background&quot;:&quot;classic&quot;}\">\n\t\t\t\t\t\t<div class=\"elementor-container elementor-column-gap-default\">\n\t\t\t\t\t<div class=\"elementor-column elementor-col-100 elementor-top-column elementor-element elementor-element-df6e827\" data-id=\"df6e827\" data-element_type=\"column\" data-e-type=\"column\">\n\t\t\t<div class=\"elementor-widget-wrap elementor-element-populated\">\n\t\t\t\t\t\t<div class=\"elementor-element elementor-element-991af41 elementor-widget__width-initial animated-slow e-transform elementor-widget-mobile__width-initial elementor-invisible elementor-widget elementor-widget-heading\" data-id=\"991af41\" data-element_type=\"widget\" data-e-type=\"widget\" data-settings=\"{&quot;_animation&quot;:&quot;fadeInLeft&quot;,&quot;_transform_translateX_effect&quot;:{&quot;unit&quot;:&quot;px&quot;,&quot;size&quot;:0,&quot;sizes&quot;:[]},&quot;_transform_translateY_effect&quot;:{&quot;unit&quot;:&quot;px&quot;,&quot;size&quot;:150,&quot;sizes&quot;:[]},&quot;_transform_translateX_effect_tablet&quot;:{&quot;unit&quot;:&quot;px&quot;,&quot;size&quot;:&quot;&quot;,&quot;sizes&quot;:[]},&quot;_transform_translateX_effect_mobile&quot;:{&quot;unit&quot;:&quot;px&quot;,&quot;size&quot;:&quot;&quot;,&quot;sizes&quot;:[]},&quot;_transform_translateY_effect_tablet&quot;:{&quot;unit&quot;:&quot;px&quot;,&quot;size&quot;:&quot;&quot;,&quot;sizes&quot;:[]},&quot;_transform_translateY_effect_mobile&quot;:{&quot;unit&quot;:&quot;px&quot;,&quot;size&quot;:&quot;&quot;,&quot;sizes&quot;:[]}}\" data-widget_type=\"heading.default\">\n\t\t\t\t<div class=\"elementor-widget-container\">\n\t\t\t\t\t<h2 class=\"elementor-heading-title elementor-size-default\">PERGOLAS<\/h2>\t\t\t\t<\/div>\n\t\t\t\t<\/div>\n\t\t\t\t\t<\/div>\n\t\t<\/div>\n\t\t\t\t\t<\/div>\n\t\t<\/section>\n\t\t\t\t<section class=\"elementor-section elementor-top-section elementor-element elementor-element-ff2c63e elementor-section-boxed elementor-section-height-default elementor-section-height-default\" data-id=\"ff2c63e\" data-element_type=\"section\" data-e-type=\"section\">\n\t\t\t\t\t\t<div class=\"elementor-container elementor-column-gap-default\">\n\t\t\t\t\t<div class=\"elementor-column elementor-col-100 elementor-top-column elementor-element elementor-element-6240579\" data-id=\"6240579\" data-element_type=\"column\" data-e-type=\"column\">\n\t\t\t<div class=\"elementor-widget-wrap elementor-element-populated\">\n\t\t\t\t\t\t<div class=\"elementor-element elementor-element-c8215f7 elementor-widget elementor-widget-text-editor\" data-id=\"c8215f7\" data-element_type=\"widget\" data-e-type=\"widget\" data-widget_type=\"text-editor.default\">\n\t\t\t\t<div class=\"elementor-widget-container\">\n\t\t\t\t\t\t\t\t\t<div id=\"1378378514\" class=\"u_1378378514 dmNewParagraph\" data-element-type=\"paragraph\" data-version=\"5\"><h1 class=\"m-size-32\"><span class=\"m-font-size-32\">Pose de pergola \u00e0 Caen :<\/span><span class=\"m-font-size-32\"><br \/>profitez pleinement de votre jardin\u00a0<\/span><\/h1><\/div><div id=\"1158045756\" class=\"dmNewParagraph\" data-element-type=\"paragraph\" data-version=\"5\"><p>L\u2019installation d\u2019une pergola classique est la solution\u00a0 parfaite pour les personnes souhaitant profiter pleinement de leur ext\u00e9rieur toute l\u2019ann\u00e9e. Moderne, design et \u00e9l\u00e9gante \u00e0 la fois, elle am\u00e9liore votre confort quelle que soit la saison. Adoss\u00e9e \u00e0 votre maison, elle vous permet de profiter de votre terrasse tout en b\u00e9n\u00e9ficiant d\u2019un nouvel espace ouvert sur l\u2019ext\u00e9rieur. En plus d\u2019am\u00e9liorer votre confort, une pergola ajoute une r\u00e9elle plus-value esth\u00e9tique \u00e0 votre terrasse en lui donnant un c\u00f4t\u00e9 design et moderne.<\/p><p><span class=\"\">En faisant appel \u00e0 notre menuiserie, vous b\u00e9n\u00e9ficiez de tout notre savoir-faire pour la cr\u00e9ation de vos\u00a0<\/span><a href=\"https:\/\/www.esnault-charpente-menuiserie-ossature-bois.fr\/menuiserie-exterieure\" type=\"page\">menuiseries ext\u00e9rieures<\/a><span class=\"\">\u00a0:\u00a0<\/span><a href=\"https:\/\/caencharpente.fr\/?page_id=42\" type=\"page\">portes<\/a><span class=\"\">,\u00a0<\/span><a href=\"https:\/\/caencharpente.fr\/?page_id=44\" type=\"page\">portails<\/a><span class=\"\">,\u00a0<\/span><a href=\"https:\/\/caencharpente.fr\/?page_id=40\" type=\"page\">fen\u00eatres<\/a><span class=\"\">,\u00a0<\/span><a href=\"https:\/\/caencharpente.fr\/?page_id=34\" type=\"page\">escaliers<\/a><span class=\"\">,\u00a0<\/span>carports, marquises\u2026<\/p><\/div>\t\t\t\t\t\t\t\t<\/div>\n\t\t\t\t<\/div>\n\t\t\t\t\t<\/div>\n\t\t<\/div>\n\t\t\t\t\t<\/div>\n\t\t<\/section>\n\t\t\t\t<section class=\"elementor-section elementor-top-section elementor-element elementor-element-d884bb5 elementor-section-boxed elementor-section-height-default elementor-section-height-default\" data-id=\"d884bb5\" data-element_type=\"section\" data-e-type=\"section\">\n\t\t\t\t\t\t<div class=\"elementor-container elementor-column-gap-default\">\n\t\t\t\t\t<div class=\"elementor-column elementor-col-50 elementor-top-column elementor-element elementor-element-9db5e05\" data-id=\"9db5e05\" data-element_type=\"column\" data-e-type=\"column\">\n\t\t\t<div class=\"elementor-widget-wrap elementor-element-populated\">\n\t\t\t\t\t\t<div class=\"elementor-element elementor-element-df6ae60 elementor-widget elementor-widget-text-editor\" data-id=\"df6ae60\" data-element_type=\"widget\" data-e-type=\"widget\" data-widget_type=\"text-editor.default\">\n\t\t\t\t<div class=\"elementor-widget-container\">\n\t\t\t\t\t\t\t\t\t<div id=\"1120574387\" class=\"u_1120574387 dmNewParagraph\" data-element-type=\"paragraph\" data-version=\"5\"><h2><span class=\"\">Existe-t-il des d\u00e9marches administratives\u00a0<\/span>pour installer une pergola ? <\/h2><\/div><div id=\"1618398823\" class=\"dmNewParagraph u_1618398823\" data-element-type=\"paragraph\" data-version=\"5\"><p>L\u2019installation d\u2019une pergola sur votre propri\u00e9t\u00e9 n\u00e9cessite d\u2019\u00eatre bien inform\u00e9 sur les diff\u00e9rentes formalit\u00e9s administratives. En effet, ce type d\u2019installation est r\u00e9gi par les articles<span class=\"\">\u00a0L 421-1 du Code de l\u2019urbanisme<\/span><span class=\"\">\u00a0qui d\u00e9terminent quelle autorisation il vous faut obtenir en fonction de la surface couverte par votre future pergola.<\/span><\/p><p>Prenons en exemple l\u2019installation d\u2019une pergola d\u2019une surface comprise entre 5 et 20 m\u00b2. Pour ce type d\u2019installation, une simple d\u00e9claration de travaux en mairie est n\u00e9cessaire. Une fois votre demande examin\u00e9e, vous recevez votre autorisation ou votre certificat d\u2019urbanisme. Si la surface de votre pergola exc\u00e8de les 20\u2009m\u00b2, il vous faudra alors demander un permis de construire.<\/p><\/div>\t\t\t\t\t\t\t\t<\/div>\n\t\t\t\t<\/div>\n\t\t\t\t\t<\/div>\n\t\t<\/div>\n\t\t\t\t<div class=\"elementor-column elementor-col-50 elementor-top-column elementor-element elementor-element-cf234db\" data-id=\"cf234db\" data-element_type=\"column\" data-e-type=\"column\">\n\t\t\t<div class=\"elementor-widget-wrap elementor-element-populated\">\n\t\t\t\t\t\t<div class=\"elementor-element elementor-element-120eb10 elementor-widget elementor-widget-image\" data-id=\"120eb10\" data-element_type=\"widget\" data-e-type=\"widget\" data-widget_type=\"image.default\">\n\t\t\t\t<div class=\"elementor-widget-container\">\n\t\t\t\t\t\t\t\t\t\t\t\t\t\t\t<img decoding=\"async\" src=\"https:\/\/caencharpente.fr\/wp-content\/uploads\/elementor\/thumbs\/2-nouveau-1-rjmusmcowxccvweu39w1hsab46bdkb5zj9obwkp0o0.jpg\" title=\"2 nouveau\" alt=\"2 nouveau\" loading=\"lazy\" \/>\t\t\t\t\t\t\t\t\t\t\t\t\t\t\t<\/div>\n\t\t\t\t<\/div>\n\t\t\t\t\t<\/div>\n\t\t<\/div>\n\t\t\t\t\t<\/div>\n\t\t<\/section>\n\t\t\t\t<section class=\"elementor-section elementor-top-section elementor-element elementor-element-a818b83 elementor-section-boxed elementor-section-height-default elementor-section-height-default\" data-id=\"a818b83\" data-element_type=\"section\" data-e-type=\"section\">\n\t\t\t\t\t\t<div class=\"elementor-container elementor-column-gap-default\">\n\t\t\t\t\t<div class=\"elementor-column elementor-col-50 elementor-top-column elementor-element elementor-element-f4ab400\" data-id=\"f4ab400\" data-element_type=\"column\" data-e-type=\"column\">\n\t\t\t<div class=\"elementor-widget-wrap elementor-element-populated\">\n\t\t\t\t\t\t<div class=\"elementor-element elementor-element-69f0d0e elementor-widget elementor-widget-image\" data-id=\"69f0d0e\" data-element_type=\"widget\" data-e-type=\"widget\" data-widget_type=\"image.default\">\n\t\t\t\t<div class=\"elementor-widget-container\">\n\t\t\t\t\t\t\t\t\t\t\t\t\t\t\t<img decoding=\"async\" src=\"https:\/\/caencharpente.fr\/wp-content\/uploads\/elementor\/thumbs\/1-1-rjmusmcowxccvweu39w1hsab46bdkb5zj9obwkp0o0.webp\" title=\"1\" alt=\"1\" loading=\"lazy\" \/>\t\t\t\t\t\t\t\t\t\t\t\t\t\t\t<\/div>\n\t\t\t\t<\/div>\n\t\t\t\t\t<\/div>\n\t\t<\/div>\n\t\t\t\t<div class=\"elementor-column elementor-col-50 elementor-top-column elementor-element elementor-element-005ec37\" data-id=\"005ec37\" data-element_type=\"column\" data-e-type=\"column\">\n\t\t\t<div class=\"elementor-widget-wrap elementor-element-populated\">\n\t\t\t\t\t\t<div class=\"elementor-element elementor-element-39fa53b elementor-widget elementor-widget-text-editor\" data-id=\"39fa53b\" data-element_type=\"widget\" data-e-type=\"widget\" data-widget_type=\"text-editor.default\">\n\t\t\t\t<div class=\"elementor-widget-container\">\n\t\t\t\t\t\t\t\t\t<div id=\"1288657280\" class=\"u_1288657280 dmNewParagraph\" data-element-type=\"paragraph\" data-version=\"5\"><h2 class=\"m-size-28\"><span class=\"m-font-size-28\">Vous avez pour projet<\/span><span class=\"m-font-size-28\">\u00a0<\/span><span class=\"m-font-size-28\">l\u2019installation d\u2019une pergola ?<\/span><\/h2><\/div><div id=\"1915611550\" class=\"dmNewParagraph u_1915611550\" data-element-type=\"paragraph\" data-version=\"5\"><p>En pose libre ou murale ? Vous h\u00e9sitez entre les diff\u00e9rentes possibilit\u00e9s d\u2019installation de votre pergola ? Contactez-nous d\u00e8s \u00e0 pr\u00e9sent, et ensemble, d\u00e9finissons quelle solution est la plus adapt\u00e9e \u00e0 vos besoins et \u00e0 votre surface disponible.<\/p><\/div>\t\t\t\t\t\t\t\t<\/div>\n\t\t\t\t<\/div>\n\t\t\t\t<div class=\"elementor-element elementor-element-f2c6c38 elementor-widget elementor-widget-button\" data-id=\"f2c6c38\" data-element_type=\"widget\" data-e-type=\"widget\" data-widget_type=\"button.default\">\n\t\t\t\t<div class=\"elementor-widget-container\">\n\t\t\t\t\t\t\t\t\t<div class=\"elementor-button-wrapper\">\n\t\t\t\t\t<a class=\"elementor-button elementor-button-link elementor-size-sm\" href=\"https:\/\/caencharpente.fr\/?page_id=72\">\n\t\t\t\t\t\t<span class=\"elementor-button-content-wrapper\">\n\t\t\t\t\t\t<span class=\"elementor-button-icon\">\n\t\t\t\t<i aria-hidden=\"true\" class=\"fas fa-phone-alt\"><\/i>\t\t\t<\/span>\n\t\t\t\t\t\t\t\t\t<span class=\"elementor-button-text\">Contactez-nous<\/span>\n\t\t\t\t\t<\/span>\n\t\t\t\t\t<\/a>\n\t\t\t\t<\/div>\n\t\t\t\t\t\t\t\t<\/div>\n\t\t\t\t<\/div>\n\t\t\t\t\t<\/div>\n\t\t<\/div>\n\t\t\t\t\t<\/div>\n\t\t<\/section>\n\t\t\t\t<\/div>\n\t\t","protected":false},"excerpt":{"rendered":"<p>PERGOLAS Pose de pergola \u00e0 Caen :profitez pleinement de votre jardin\u00a0 L\u2019installation d\u2019une pergola classique est la solution\u00a0 parfaite pour les personnes souhaitant profiter pleinement de leur ext\u00e9rieur toute l\u2019ann\u00e9e. Moderne, design et \u00e9l\u00e9gante \u00e0 la fois, elle am\u00e9liore votre confort quelle que soit la saison. Adoss\u00e9e \u00e0 votre maison, elle vous permet de profiter [&hellip;]<\/p>\n","protected":false},"author":1,"featured_media":0,"parent":0,"menu_order":0,"comment_status":"closed","ping_status":"closed","template":"","meta":{"ocean_post_layout":"","ocean_both_sidebars_style":"","ocean_both_sidebars_content_width":0,"ocean_both_sidebars_sidebars_width":0,"ocean_sidebar":"0","ocean_second_sidebar":"0","ocean_disable_margins":"enable","ocean_add_body_class":"","ocean_shortcode_before_top_bar":"","ocean_shortcode_after_top_bar":"","ocean_shortcode_before_header":"","ocean_shortcode_after_header":"","ocean_has_shortcode":"","ocean_shortcode_after_title":"","ocean_shortcode_before_footer_widgets":"","ocean_shortcode_after_footer_widgets":"","ocean_shortcode_before_footer_bottom":"","ocean_shortcode_after_footer_bottom":"","ocean_display_top_bar":"default","ocean_display_header":"default","ocean_header_style":"","ocean_center_header_left_menu":"0","ocean_custom_header_template":"0","ocean_custom_logo":0,"ocean_custom_retina_logo":0,"ocean_custom_logo_max_width":0,"ocean_custom_logo_tablet_max_width":0,"ocean_custom_logo_mobile_max_width":0,"ocean_custom_logo_max_height":0,"ocean_custom_logo_tablet_max_height":0,"ocean_custom_logo_mobile_max_height":0,"ocean_header_custom_menu":"0","ocean_menu_typo_font_family":"0","ocean_menu_typo_font_subset":"","ocean_menu_typo_font_size":0,"ocean_menu_typo_font_size_tablet":0,"ocean_menu_typo_font_size_mobile":0,"ocean_menu_typo_font_size_unit":"px","ocean_menu_typo_font_weight":"","ocean_menu_typo_font_weight_tablet":"","ocean_menu_typo_font_weight_mobile":"","ocean_menu_typo_transform":"","ocean_menu_typo_transform_tablet":"","ocean_menu_typo_transform_mobile":"","ocean_menu_typo_line_height":0,"ocean_menu_typo_line_height_tablet":0,"ocean_menu_typo_line_height_mobile":0,"ocean_menu_typo_line_height_unit":"","ocean_menu_typo_spacing":0,"ocean_menu_typo_spacing_tablet":0,"ocean_menu_typo_spacing_mobile":0,"ocean_menu_typo_spacing_unit":"","ocean_menu_link_color":"","ocean_menu_link_color_hover":"","ocean_menu_link_color_active":"","ocean_menu_link_background":"","ocean_menu_link_hover_background":"","ocean_menu_link_active_background":"","ocean_menu_social_links_bg":"","ocean_menu_social_hover_links_bg":"","ocean_menu_social_links_color":"","ocean_menu_social_hover_links_color":"","ocean_disable_title":"default","ocean_disable_heading":"default","ocean_post_title":"","ocean_post_subheading":"","ocean_post_title_style":"","ocean_post_title_background_color":"","ocean_post_title_background":0,"ocean_post_title_bg_image_position":"","ocean_post_title_bg_image_attachment":"","ocean_post_title_bg_image_repeat":"","ocean_post_title_bg_image_size":"","ocean_post_title_height":0,"ocean_post_title_bg_overlay":0.5,"ocean_post_title_bg_overlay_color":"","ocean_disable_breadcrumbs":"default","ocean_breadcrumbs_color":"","ocean_breadcrumbs_separator_color":"","ocean_breadcrumbs_links_color":"","ocean_breadcrumbs_links_hover_color":"","ocean_display_footer_widgets":"default","ocean_display_footer_bottom":"default","ocean_custom_footer_template":"0","footnotes":""},"class_list":["post-46","page","type-page","status-publish","hentry","entry"],"yoast_head":"<!-- This site is optimized with the Yoast SEO plugin v27.0 - https:\/\/yoast.com\/product\/yoast-seo-wordpress\/ -->\n<title>Pergolas - Caen Charpente<\/title>\n<meta name=\"robots\" content=\"index, follow, max-snippet:-1, max-image-preview:large, max-video-preview:-1\" \/>\n<link rel=\"canonical\" href=\"https:\/\/caencharpente.fr\/?page_id=46\" \/>\n<meta property=\"og:locale\" content=\"fr_FR\" \/>\n<meta property=\"og:type\" content=\"article\" \/>\n<meta property=\"og:title\" content=\"Pergolas - Caen Charpente\" \/>\n<meta property=\"og:description\" content=\"PERGOLAS Pose de pergola \u00e0 Caen :profitez pleinement de votre jardin\u00a0 L\u2019installation d\u2019une pergola classique est la solution\u00a0 parfaite pour les personnes souhaitant profiter pleinement de leur ext\u00e9rieur toute l\u2019ann\u00e9e. Moderne, design et \u00e9l\u00e9gante \u00e0 la fois, elle am\u00e9liore votre confort quelle que soit la saison. Adoss\u00e9e \u00e0 votre maison, elle vous permet de profiter [&hellip;]\" \/>\n<meta property=\"og:url\" content=\"https:\/\/caencharpente.fr\/?page_id=46\" \/>\n<meta property=\"og:site_name\" content=\"Caen Charpente\" \/>\n<meta property=\"article:modified_time\" content=\"2024-01-22T13:29:06+00:00\" \/>\n<meta property=\"og:image\" content=\"https:\/\/caencharpente.fr\/wp-content\/uploads\/elementor\/thumbs\/2-nouveau-1-qg2dsxm5tg548ig72m1irnd13jk059utizkrs6tqxs.jpg\" \/>\n<meta name=\"twitter:card\" content=\"summary_large_image\" \/>\n<meta name=\"twitter:label1\" content=\"Dur\u00e9e de lecture estim\u00e9e\" \/>\n\t<meta name=\"twitter:data1\" content=\"2 minutes\" \/>\n<script type=\"application\/ld+json\" class=\"yoast-schema-graph\">{\"@context\":\"https:\/\/schema.org\",\"@graph\":[{\"@type\":\"WebPage\",\"@id\":\"https:\/\/caencharpente.fr\/?page_id=46\",\"url\":\"https:\/\/caencharpente.fr\/?page_id=46\",\"name\":\"Pergolas - Caen Charpente\",\"isPartOf\":{\"@id\":\"https:\/\/caencharpente.fr\/#website\"},\"primaryImageOfPage\":{\"@id\":\"https:\/\/caencharpente.fr\/?page_id=46#primaryimage\"},\"image\":{\"@id\":\"https:\/\/caencharpente.fr\/?page_id=46#primaryimage\"},\"thumbnailUrl\":\"https:\/\/caencharpente.fr\/wp-content\/uploads\/elementor\/thumbs\/2-nouveau-1-qg2dsxm5tg548ig72m1irnd13jk059utizkrs6tqxs.jpg\",\"datePublished\":\"2023-08-11T08:36:20+00:00\",\"dateModified\":\"2024-01-22T13:29:06+00:00\",\"breadcrumb\":{\"@id\":\"https:\/\/caencharpente.fr\/?page_id=46#breadcrumb\"},\"inLanguage\":\"fr-FR\",\"potentialAction\":[{\"@type\":\"ReadAction\",\"target\":[\"https:\/\/caencharpente.fr\/?page_id=46\"]}]},{\"@type\":\"ImageObject\",\"inLanguage\":\"fr-FR\",\"@id\":\"https:\/\/caencharpente.fr\/?page_id=46#primaryimage\",\"url\":\"https:\/\/caencharpente.fr\/wp-content\/uploads\/elementor\/thumbs\/2-nouveau-1-qg2dsxm5tg548ig72m1irnd13jk059utizkrs6tqxs.jpg\",\"contentUrl\":\"https:\/\/caencharpente.fr\/wp-content\/uploads\/elementor\/thumbs\/2-nouveau-1-qg2dsxm5tg548ig72m1irnd13jk059utizkrs6tqxs.jpg\"},{\"@type\":\"BreadcrumbList\",\"@id\":\"https:\/\/caencharpente.fr\/?page_id=46#breadcrumb\",\"itemListElement\":[{\"@type\":\"ListItem\",\"position\":1,\"name\":\"Accueil\",\"item\":\"https:\/\/caencharpente.fr\/\"},{\"@type\":\"ListItem\",\"position\":2,\"name\":\"Pergolas\"}]},{\"@type\":\"WebSite\",\"@id\":\"https:\/\/caencharpente.fr\/#website\",\"url\":\"https:\/\/caencharpente.fr\/\",\"name\":\"Caen Charpente\",\"description\":\"\",\"publisher\":{\"@id\":\"https:\/\/caencharpente.fr\/#organization\"},\"potentialAction\":[{\"@type\":\"SearchAction\",\"target\":{\"@type\":\"EntryPoint\",\"urlTemplate\":\"https:\/\/caencharpente.fr\/?s={search_term_string}\"},\"query-input\":{\"@type\":\"PropertyValueSpecification\",\"valueRequired\":true,\"valueName\":\"search_term_string\"}}],\"inLanguage\":\"fr-FR\"},{\"@type\":\"Organization\",\"@id\":\"https:\/\/caencharpente.fr\/#organization\",\"name\":\"Caen Charpente\",\"url\":\"https:\/\/caencharpente.fr\/\",\"logo\":{\"@type\":\"ImageObject\",\"inLanguage\":\"fr-FR\",\"@id\":\"https:\/\/caencharpente.fr\/#\/schema\/logo\/image\/\",\"url\":\"https:\/\/caencharpente.fr\/wp-content\/uploads\/2023\/08\/cropped-cropped-cropped-Logo_CharpMenui_RVB__2_-removebg-preview-1920w.webp\",\"contentUrl\":\"https:\/\/caencharpente.fr\/wp-content\/uploads\/2023\/08\/cropped-cropped-cropped-Logo_CharpMenui_RVB__2_-removebg-preview-1920w.webp\",\"width\":1006,\"height\":248,\"caption\":\"Caen Charpente\"},\"image\":{\"@id\":\"https:\/\/caencharpente.fr\/#\/schema\/logo\/image\/\"}}]}<\/script>\n<!-- \/ Yoast SEO plugin. -->","yoast_head_json":{"title":"Pergolas - Caen Charpente","robots":{"index":"index","follow":"follow","max-snippet":"max-snippet:-1","max-image-preview":"max-image-preview:large","max-video-preview":"max-video-preview:-1"},"canonical":"https:\/\/caencharpente.fr\/?page_id=46","og_locale":"fr_FR","og_type":"article","og_title":"Pergolas - Caen Charpente","og_description":"PERGOLAS Pose de pergola \u00e0 Caen :profitez pleinement de votre jardin\u00a0 L\u2019installation d\u2019une pergola classique est la solution\u00a0 parfaite pour les personnes souhaitant profiter pleinement de leur ext\u00e9rieur toute l\u2019ann\u00e9e. Moderne, design et \u00e9l\u00e9gante \u00e0 la fois, elle am\u00e9liore votre confort quelle que soit la saison. Adoss\u00e9e \u00e0 votre maison, elle vous permet de profiter [&hellip;]","og_url":"https:\/\/caencharpente.fr\/?page_id=46","og_site_name":"Caen Charpente","article_modified_time":"2024-01-22T13:29:06+00:00","og_image":[{"url":"https:\/\/caencharpente.fr\/wp-content\/uploads\/elementor\/thumbs\/2-nouveau-1-qg2dsxm5tg548ig72m1irnd13jk059utizkrs6tqxs.jpg","type":"","width":"","height":""}],"twitter_card":"summary_large_image","twitter_misc":{"Dur\u00e9e de lecture estim\u00e9e":"2 minutes"},"schema":{"@context":"https:\/\/schema.org","@graph":[{"@type":"WebPage","@id":"https:\/\/caencharpente.fr\/?page_id=46","url":"https:\/\/caencharpente.fr\/?page_id=46","name":"Pergolas - Caen Charpente","isPartOf":{"@id":"https:\/\/caencharpente.fr\/#website"},"primaryImageOfPage":{"@id":"https:\/\/caencharpente.fr\/?page_id=46#primaryimage"},"image":{"@id":"https:\/\/caencharpente.fr\/?page_id=46#primaryimage"},"thumbnailUrl":"https:\/\/caencharpente.fr\/wp-content\/uploads\/elementor\/thumbs\/2-nouveau-1-qg2dsxm5tg548ig72m1irnd13jk059utizkrs6tqxs.jpg","datePublished":"2023-08-11T08:36:20+00:00","dateModified":"2024-01-22T13:29:06+00:00","breadcrumb":{"@id":"https:\/\/caencharpente.fr\/?page_id=46#breadcrumb"},"inLanguage":"fr-FR","potentialAction":[{"@type":"ReadAction","target":["https:\/\/caencharpente.fr\/?page_id=46"]}]},{"@type":"ImageObject","inLanguage":"fr-FR","@id":"https:\/\/caencharpente.fr\/?page_id=46#primaryimage","url":"https:\/\/caencharpente.fr\/wp-content\/uploads\/elementor\/thumbs\/2-nouveau-1-qg2dsxm5tg548ig72m1irnd13jk059utizkrs6tqxs.jpg","contentUrl":"https:\/\/caencharpente.fr\/wp-content\/uploads\/elementor\/thumbs\/2-nouveau-1-qg2dsxm5tg548ig72m1irnd13jk059utizkrs6tqxs.jpg"},{"@type":"BreadcrumbList","@id":"https:\/\/caencharpente.fr\/?page_id=46#breadcrumb","itemListElement":[{"@type":"ListItem","position":1,"name":"Accueil","item":"https:\/\/caencharpente.fr\/"},{"@type":"ListItem","position":2,"name":"Pergolas"}]},{"@type":"WebSite","@id":"https:\/\/caencharpente.fr\/#website","url":"https:\/\/caencharpente.fr\/","name":"Caen Charpente","description":"","publisher":{"@id":"https:\/\/caencharpente.fr\/#organization"},"potentialAction":[{"@type":"SearchAction","target":{"@type":"EntryPoint","urlTemplate":"https:\/\/caencharpente.fr\/?s={search_term_string}"},"query-input":{"@type":"PropertyValueSpecification","valueRequired":true,"valueName":"search_term_string"}}],"inLanguage":"fr-FR"},{"@type":"Organization","@id":"https:\/\/caencharpente.fr\/#organization","name":"Caen Charpente","url":"https:\/\/caencharpente.fr\/","logo":{"@type":"ImageObject","inLanguage":"fr-FR","@id":"https:\/\/caencharpente.fr\/#\/schema\/logo\/image\/","url":"https:\/\/caencharpente.fr\/wp-content\/uploads\/2023\/08\/cropped-cropped-cropped-Logo_CharpMenui_RVB__2_-removebg-preview-1920w.webp","contentUrl":"https:\/\/caencharpente.fr\/wp-content\/uploads\/2023\/08\/cropped-cropped-cropped-Logo_CharpMenui_RVB__2_-removebg-preview-1920w.webp","width":1006,"height":248,"caption":"Caen Charpente"},"image":{"@id":"https:\/\/caencharpente.fr\/#\/schema\/logo\/image\/"}}]}},"_links":{"self":[{"href":"https:\/\/caencharpente.fr\/index.php?rest_route=\/wp\/v2\/pages\/46","targetHints":{"allow":["GET"]}}],"collection":[{"href":"https:\/\/caencharpente.fr\/index.php?rest_route=\/wp\/v2\/pages"}],"about":[{"href":"https:\/\/caencharpente.fr\/index.php?rest_route=\/wp\/v2\/types\/page"}],"author":[{"embeddable":true,"href":"https:\/\/caencharpente.fr\/index.php?rest_route=\/wp\/v2\/users\/1"}],"replies":[{"embeddable":true,"href":"https:\/\/caencharpente.fr\/index.php?rest_route=%2Fwp%2Fv2%2Fcomments&post=46"}],"version-history":[{"count":25,"href":"https:\/\/caencharpente.fr\/index.php?rest_route=\/wp\/v2\/pages\/46\/revisions"}],"predecessor-version":[{"id":2110,"href":"https:\/\/caencharpente.fr\/index.php?rest_route=\/wp\/v2\/pages\/46\/revisions\/2110"}],"wp:attachment":[{"href":"https:\/\/caencharpente.fr\/index.php?rest_route=%2Fwp%2Fv2%2Fmedia&parent=46"}],"curies":[{"name":"wp","href":"https:\/\/api.w.org\/{rel}","templated":true}]}}